t b be v(-12). Suppose 3*t - 53 = b. What are the prime factors of t?
2
Suppose -56*p = -9*p - 23688. What are the prime factors of p?
2, 3, 7
Suppose 4*d = -5*j + 13958, j + 150*d - 146*d - 2782 = 0. What are the prime factors of j?
2, 11, 127
Suppose -3*c = -8*c. Let n be c/(-5 - (0 - 3)). Suppose n*k = 3*k - 72. What are the prime factors of k?
2, 3
Suppose 4*v - v + 4*u + 24 = 0, 25 = -4*v - 3*u. List the prime factors of 14/(-1)*(v - -3).
2, 7
Let d be ((-22)/(-2))/(-4 + 3). Let r = -10 - d. Let z(p) = 4*p**2 + 2*p - 1. What are the prime factors of z(r)?
5
Let j(i) = 2*i**3 + 4*i**2 + 4*i + 9. List the prime factors of j(5).
379
List the prime factors of (-6244)/(-16) + 4/(-32)*2.
2, 3, 5, 13
Let c(i) = -i**2 + 4*i - 4. Let t be c(3). Let y(k) = -107*k - 1. Let p be y(t). Suppose u - 1 = 0, 3*o + 4*u = -0*u + p. List the prime factors of o.
2, 17
Suppose y - 14 = -0*y. Suppose -3*n + y = -7. Suppose b - n = -5*q + 33, -q = -4*b + 244. What are the prime factors of b?
2, 3, 5
What are the prime factors of ((-176)/3)/((-2)/(-15)*-1)?
2, 5, 11
Suppose 0 = t - 0 - 2. Let m(f) = 4 + t + 4*f - 2 + 2*f**2. List the prime factors of m(-3).
2, 5
Let w(c) = -c**3 + 6. Let n be -22 - -21 - (0 + -1*1). What are the prime factors of w(n)?
2, 3
Let d(c) = -c**2 + 15*c - 2. Let u = -18 - -29. List the prime factors of d(u).
2, 3, 7
Let r be 3*(20/6)/(-5). Let a(w) = 51*w**2 + 7*w + 12. What are the prime factors of a(r)?
2, 101
Let u(k) be the first derivative of k**2 + k + 3. Let c be u(1). Suppose f = 48 - c. What are the prime factors of f?
3, 5
Let j be 168/(-17) + ((-96)/(-51) - 2). List the prime factors of ((-5)/j)/(2/152).
2, 19
Let y(s) = -5*s - 4. Let b be y(-4). Let f = b + 37. Suppose 0 = -3*p + 67 + f. List the prime factors of p.
2, 5
Let c = 538 - 168. What are the prime factors of c?
2, 5, 37
Let b be 1 + (-4 - (-132)/(-3)). Let s = b - -134. List the prime factors of s.
3, 29
Suppose -6*j + 358 = 3*g - 7*j, 0 = 2*g + j - 237. Let f = -7 + 11. Suppose f*s - g = 1. What are the prime factors of s?
2, 3, 5
Let y(n) = 134*n + 28. List the prime factors of y(3).
2, 5, 43
Suppose -2*r - 572 = 3*q - 8*q, 4*r = 4*q - 448. List the prime factors of q.
2, 29
Let w(q) = 59*q**2 - q - 2. Let o = 24 - 25. What are the prime factors of w(o)?
2, 29
Let c(n) = -8*n - 1. Let r be c(5). Suppose 1779 = 18*t + 177. Let a = t + r. What are the prime factors of a?
2, 3
Let p(r) = 4*r + 199. List the prime factors of p(-34).
3, 7
Let s = -51 + 32. Let t = 3 - s. What are the prime factors of t?
2, 11
What are the prime factors of (-1968)/(-1)*((-75)/(-6))/25?
2, 3, 41
Suppose 0 = -4*i - f + 2270, 3*f = -2*i - 2*f + 1144. List the prime factors of i.
3, 7
Let p = -3 - -9. What are the prime factors of 1/p - 1761/(-18)?
2, 7
Let n = -18 - 193. List the prime factors of n*(1 + -2) - 4.
3, 23
Let a be (-12)/(-150)*5 - (-1046)/10. Suppose 275 = 2*w + 2*j + j, -5*j = -w + a. What are the prime factors of w?
2, 5, 13
Let k(n) = -15*n - 14. Let b(f) = -f. Let r(d) = 6*d + 5. Let c(m) = -b(m) - r(m). Let g(z) = -8*c(z) + 3*k(z). List the prime factors of g(-2).
2
Let b(w) = 244*w + 442. What are the prime factors of b(5)?
2, 3, 277
Suppose 2*o + 5*x = -o - 31, -3*o - 25 = 2*x. Let a = -2 - o. Suppose -5*y = a*q - 60, -4*q - 49 = -5*y - 133. What are the prime factors of q?
2
Suppose 3*m = 9, -5*y + m = 2*m + 2. Let c be ((-102)/y - 1) + 0. Let g = c - 56. What are the prime factors of g?
3, 5
Suppose 3*v = -0*v. Suppose 4*r + r = v. Suppose -k + 17 = -r*k. What are the prime factors of k?
17
Suppose -3*b - 2*w = 228, -b - 5*w = 24 + 39. Let a = b - -182. List the prime factors of a.
2, 13
Suppose -3*z = -45 - 129. Let c be z - (-1 + 3 + 0). Let p = -37 + c. What are the prime factors of p?
19
Let r be 0 - -1 - -189 - 3. Let u = -129 + r. Let z = u - 37. List the prime factors of z.
3, 7
Let b(y) = 3*y - 2. Let f(o) = -o + 9. Let t be f(7). Suppose -5*h + t*v = -14, 2*h - 4*v - 11 - 1 = 0. List the prime factors of b(h).
2
Let v(a) = -14*a - 88. What are the prime factors of v(-9)?
2, 19
Let q = 1593 + -943. List the prime factors of q.
2, 5, 13
Suppose -2*x - 10 = -7*x. Suppose p + 2*l = -x, -5*l - 11 = -5*p + 9. Suppose -d + 2*d = 4*z - 106, p*z = -4*d + 44. List the prime factors of z.
2, 13
Let u(x) = x**3 - 6*x**2 + 7*x - 8. Let b be u(6). Let y = -87 + b. List the prime factors of y/(4/(20/(-5))).
53
Suppose -5*w = -4*a - 1381, 0*w + 3*a - 807 = -3*w. List the prime factors of w.
3, 7, 13
Suppose 0 = -m - 4*u + 521, 4*u - 1552 = -3*m + 3*u. Let d = -336 + m. What are the prime factors of d?
181
Suppose 23 = j + 17. Suppose -45 = -j*u + 561. What are the prime factors of u?
101
Suppose 0 = 3*h - h - 40. Suppose 0 = -5*p - 4*y + 144, h = -p + 2*p + 3*y. Suppose 2*x + p = 4*x. List the prime factors of x.
2
Let q(v) = -107*v**3 + v + 2. Let u be q(-1). Suppose 5*y = -4*y - u. Let b = y + 34. List the prime factors of b.
2, 11
Suppose 5*q - k - 7573 = 2*k, -k = -5*q + 7581. List the prime factors of q.
37, 41
Let f = 19 + -9. Suppose -3*k = -8*k - f. List the prime factors of 3/k*(-16)/3.
2
Suppose -14*x - 27 = -2*o - 9*x, -45 = -5*o + 5*x. List the prime factors of (8/o)/(68/2958).
2, 29
Let s(p) = -p**3 - p**2 - 2*p - 1. Let y be s(-2). Suppose 5*t + 88 = y*t. List the prime factors of t.
2, 11
Let f = 149 - 388. Let d = f - -375. What are the prime factors of d?
2, 17
Let z be 8/6*(-15)/(-2). Let u = 13 - z. Suppose 4*h + r = -2*r + 157, u*r - 9 = 0. List the prime factors of h.
37
Let b = 4395 + -2250. What are the prime factors of b?
3, 5, 11, 13
Let o = -270 - -424. What are the prime factors of o?
2, 7, 11
Let g = 760 + -561. What are the prime factors of g?
199
Suppose 2605 = -22*n + 27*n. What are the prime factors of n?
521
Suppose -4*c + 1 = 13. Let d(a) = -a**3 + a**2 - 4*a + 3. Let f(r) = -3*r**3 + 4*r**2 - 12*r + 10. Let t(v) = c*f(v) + 8*d(v). List the prime factors of t(4).
2, 5
Suppose 0 = -w - 3*s - 8, 12 = -0*s - 3*s. Suppose -98 = -j + k, 3*j - w*k = -0*k + 294. List the prime factors of j.
2, 7
Let z be (2/(-2) - -1)*(-36)/(-72). Suppose s = -z*s + 5, 0 = -4*d - 5*s + 605. What are the prime factors of d?
5, 29
Let b = 84 + -125. Suppose -4*q = 31 + 13. Let g = q - b. List the prime factors of g.
2, 3, 5
Suppose 0 = -27*i - 4775 + 39902. What are the prime factors of i?
1301
Let f = 17 + -14. Suppose -18 = -f*c - 0*c. Let t = c + 23. List the prime factors of t.
29
Let s = 7 + -6. Let h be (6/(-7))/(s/(-21)). Let q = 32 - h. List the prime factors of q.
2, 7
Let m(i) be the second derivative of -i**5/20 + i**3/6 + 24*i**2 - 4*i. Let d be m(0). Let j = 14 + d. What are the prime factors of j?
2, 31
Suppose t - 1196 = -3*i - 86, -740 = -2*i + 2*t. List the prime factors of i.
2, 5, 37
Let h = -22 - -26. Suppose 0 = 5*u + 3*o + 2*o - 310, 5*o = -h*u + 248. List the prime factors of u.
2, 31
Let l(w) = 318*w**3 + 4*w**2 + 2*w - 7. What are the prime factors of l(2)?
2557
Suppose 4*d - 7 = 5. Let v = d + -1. Suppose n = -3*b + 16, -b - 6 = v*b. List the prime factors of n.
2, 11
Let z = 1 - 11. Let o(v) = -5*v**2 + 3*v - 49. Let x(h) = -3*h**2 + h - 25. Let m(l) = 4*o(l) - 7*x(l). List the prime factors of m(z).
29
Let n = 5539 - 12643. What are the prime factors of (-6)/(-21) - (-5 - n/(-28))?
7, 37
Suppose 0 = -11*r - 7*r + 22914. What are the prime factors of r?
19, 67
Let z(h) = -h**2 + 19*h - 26. Let c be z(18). Let f = c + 20. What are the prime factors of f?
2, 3
Let f = 65 + -62. Suppose 6*w - 4*l - 690 = w, -2*w = f*l - 253. What are the prime factors of w?
2, 67
Suppose -110 = 4*o + 2. Let c = o + 29. What are the prime factors of (c/(-1))/(4/(-184))?
2, 23
Suppose 11*m + 10815 = 32*m. List the prime factors of m.
5, 103
Let b = -23 + 28. Suppose b*i - 4 = 36. List the prime factors of i.
2
Let z(k) = k**3 + 7*k**2 + 3*k - 5. Let u be z(-6). Let l(d) = 5 - 7 - 5*d + 3 + u*d. What are the prime factors of l(3)?
5
Let i(a) = -a**3 - 4*a**2 + 3*a - 2. Let k be i(-5). Suppose -3*t + 5*m - 15 + 6 = 0, 0 = 2*t - 4*m + k. What are the prime factors of t?
2
Suppose -4*r + 18 = -6*r. Suppose 0 = -25*x + 28*x + 12. What are the prime factors of (-371)/r - x/(-18)?
41
Let w = -43 + 45. Suppose x + 4 = 3*z + 6*x, -z + w*x + 5 = 0. What are the pri